 -r + 4. Calculate s(y).
4
Let i(o) = -10*o**3 + o**2 - 2*o + 1. Let j = 507 - 506. What is i(j)?
-10
Suppose -4*o = -5*t + 4, -t = 2*o - 702 + 704. Let n(k) = -k - 6*k + 0*k. Calculate n(o).
7
Suppose -25*l + 239 = 64. Let t(m) = m + 5. What is t(l)?
12
Let a(m) be the second derivative of -1/2*m**2 + 0 + 0*m**3 + 1/8*m**4 - 1/30*m**5 - 4*m. Let z(h) be the first derivative of a(h). Determine z(2).
-2
Suppose -2*g - 27 = -5*m - 2, -5*g - 25 = 0. Suppose 3*u + m*u + 24 = 0. Let w(i) = -2*i**2 + 3*i + 0*i**2 - i**3 + 2 - i**2. What is w(u)?
6
Let h(s) be the third derivative of -s**5/60 + s**4/4 + 2*s**3 - 41*s**2. What is h(9)?
-15
Let f(l) be the third derivative of l**5/60 + l**4/3 + 7*l**3/6 - 53*l**2. Determine f(-8).
7
Let k(l) = 4*l**3 - 2*l - 2. Let p = -237 - -236. Determine k(p).
-4
Let m = 2 - -6. Suppose -m + 0 = -j - 3*g, -3*j + 38 = -5*g. Let b(x) = x + j - 9 + 9. Determine b(0).
11
Let g(t) = t - 3*t + 4*t - 1. Suppose 3*r - 4 = -3*x + 2*r, -r - 8 = -3*x. Suppose -s + 7 = -3*v, -x*v + 0*v + 17 = -5*s. What is g(s)?
-11
Let l be (-6 + -3)*((-8)/(-18))/(-2). Let r(f) = -f**3 + f**2 - 5. Give r(l).
-9
Suppose 2*h + 3*s = 15, 38*s - 37*s - 5 = -4*h. Let d(q) = -q**2 + 2*q - 38. Calculate d(h).
-38
Suppose -y - 5 = -2*y, 0 = 2*r - 2*y + 4. Let v(b) = b**3 + 3 + 0*b**r - 2*b**3 - 5*b**2 + 6*b. Let q = -131 + 125. Determine v(q).
3
Let a = 24 - 21. Suppose 3*j - 3 - 9 = 0. Let r(i) = i - a + j - i + 2*i. Calculate r(1).
3
Let g be ((-4)/1)/(54/(-4) - -13). Let v(t) = -t**3 + 9*t**2 - 5*t - 19. Determine v(g).
5
Let p(m) = -m**3 + 7*m**2 + 11*m - 9. Let f be -3 - (0/(3 + -6) - 11). What is p(f)?
15
Let s(l) = l**3 + 6*l**2 + 5*l + 7. Suppose 156*z = 167*z + 66. Determine s(z).
-23
Let z(l) = 3*l**3 + 32*l**2 + 15*l + 15. Let m(y) = -5 - 11*y**2 + 294*y**3 - 295*y**3 - 3*y - 2*y. Let x(f) = -8*m(f) - 3*z(f). Calculate x(-7).
-19
Let r be 6/(-2)*12/(-12). Let m(y) = 2*y**r + 9 - 17 - y**3 + 3*y - y - 7*y**2. Let p be (7 - 0)*1/1. What is m(p)?
6
Let c(r) = r. Let g = -723 + 725. Determine c(g).
2
Let b be ((-28)/(-2))/(-2) - -2. Let v(a) = -117*a + 29. Let p(f) = 44*f - 10. Let z(c) = 8*p(c) + 3*v(c). Determine z(b).
2
Let b(x) = 3*x**3 - x**2 - 2*x**3 - 3*x + x + 0*x**2 + 3. Determine b(2).
3
Let h(a) = 454*a - 4 - 223*a - 229*a. Let c be ((-1)/2 - -1)*0. Suppose 0 = -l - 3*r - r + 20, c = -4*r + 16. Determine h(l).
4
Let h(b) = -51*b - 41*b + 96*b - 29. Give h(7).
-1
Let w(l) = 11*l - 15. Let i(c) = 3*c - 8. Let b(r) = 3*i(r) - w(r). Suppose -m - m - 26 = 2*x, -5*m = 4*x + 61. What is b(m)?
9
Let w(u) = -u**3 + 3*u**2 + 5*u - 5. Let h(p) = p**2 - 3*p + 6. Let f be h(3). Let r = f + -2. Give w(r).
-1
Let o(v) = v - 2. Suppose 55 = -5*j - 6*j. Let y(c) = -c**2 + 5*c + 6. Let i(n) = j*o(n) - y(n). Calculate i(10).
4
Let l(a) be the second derivative of a**3/2 + 22*a**2 + 45*a. Determine l(-13).
5
Suppose 5*d + 11 = -4, -2*d + 54 = -5*b. Let k(a) = a**2 + 11*a + 5. What is k(b)?
17
Let f(n) = n**2 + 6*n - 9. Let l(d) be the second derivative of -d**5/20 + 7*d**4/4 + d**3/6 - 14*d**2 + 27*d. Let a be l(21). Determine f(a).
-2
Let k(f) = 5*f**2 + f + 2. Let w(o) = o**2 - o. Let x(b) = k(b) - 4*w(b). Let u be (1 + -2)/(28/(-10) + 3). Give x(u).
2
Let i(h) = h + 11. Let u = 193 + -193. What is i(u)?
11
Let g(w) be the third derivative of -w**4/24 - w**3/2 + 3*w**2. Let b(a) = -4*a**2 - 90*a + 43. Let s be b(-23). What is g(s)?
0
Suppose 0 = 5*j - 0*j - 15. Let b(i) = -i**3 + 3*i**2 + i - 3. Calculate b(j).
0
Let y(k) = -6*k - 2 - 3*k**2 - 4*k + 7*k - k + k**3. What is y(4)?
-2
Let d(x) = 3*x - 1. Let q(f) = -f**3. Let w(j) = 5*j**3 + 5*j**2 + 5*j + 8. Let l(o) = 6*q(o) + w(o). Let t be l(6). Suppose -7*v - 5 = -t*v. What is d(v)?
-4
Let p(c) = -23 + 28 - 4*c + 3*c. Let z = 19 + -13. Let m = z - 1. What is p(m)?
0
Let u(q) be the first derivative of -2*q**2 - 8*q - 191. What is u(-4)?
8
Let v(s) = -2*s**2 - 8*s + 7. Let k(c) = -c**2 - 4*c + 3. Let n(o) = -5*k(o) + 3*v(o). Let z(q) = -q**3 + 7*q**2 - q + 2. Let l be z(7). What is n(l)?
1
Suppose 3*i = -k - k + 1, 4*i - 5*k = 9. Let g be ((-2)/(-4))/(i/6). Let s(h) = h**3 - 3*h**2 - h + 4. Determine s(g).
1
Let p(m) = 22*m**2 + 85*m - 26. Let t(w) = 5*w**2 + 21*w - 5. Let f(s) = -2*p(s) + 9*t(s). What is f(-18)?
-11
Let t = 768 + -766. Let n(l) be the third derivative of -l**6/120 + l**5/60 + l**4/24 - l**3/6 + l**2. What is n(t)?
-3
Let n(r) = r + 1. Let p be n(0). Let s(o) be the third derivative of o**6/120 - o**4/24 + o**2 + 6*o. Calculate s(p).
0
Let p = -8 - -10. Suppose p + 1 = -v. Let c = 3 + v. Let d(q) = q**3 - q + 6. What is d(c)?
6
Let k(z) be the first derivative of -z**3/3 + 4*z + 1. Suppose -41*t - 90 = -11*t. Give k(t).
-5
Let d be (-2)/12 - (3 + 268/(-24)). Let y(k) = 0 + 3 - k + 0*k. Determine y(d).
-5
Let h(s) = s**3 - 2*s**2 + s - 5. Let w = 2627 + -2624. Determine h(w).
7
Suppose 0 = 4*d - 2*x - 28, 0 = d + 3*x - 15 - 6. Let w be (-1 + 7)*100/40. Let p(q) = 13 - 7*q + w*q - d*q. Calculate p(7).
6
Let l be (-4)/10 + (-1 - (-51)/15). Let b(z) = -2*z + 2*z + 9*z - 4*z + z**l - 1. Let v(d) = -d**3 - 5*d**2 + 7*d + 1. Let a be v(-6). What is b(a)?
-1
Let u(i) = i**2 - 4*i - 121. Let h be u(-9). Let w(b) = 2 - b - 1 + 4. Give w(h).
9
Suppose 4*x = 5*a + x - 3, -a + 2*x - 5 = 0. Let i(n) = 5*n - a*n - 6*n**2 + n + n**3 - 6. Give i(6).
12
Let b(u) = -8*u**3 + 4*u**3 - 3*u**3 + 4 - 6*u**2 + 6*u**3 + 2*u. What is b(-6)?
-8
Let k(y) = -10*y + 4. Let r(i) = -9*i - 2. Let h(q) = -k(q) + r(q). Let u = 0 - 0. What is h(u)?
-6
Let k(w) = 2*w - 4. Let y be k(4). Let m = 0 + y. Let f(n) be the first derivative of -3*n**2/2 + 6*n + 352. Determine f(m).
-6
Let n(g) = 0*g**2 + 6784*g - 6783*g + g**2 - 1. Let p(q) = -q**2 - 5*q + 7. Let x be p(-6). Determine n(x).
1
Let g(r) = -r + 6. Let p = 11 - -6. Suppose 2 = 4*x + 5*t + 5, -2*t = -x - p. Give g(x).
13
Let t = -432 - -442. Let m(y) = -y + 21. Determine m(t).
11
Let x(a) = 3*a**3 - 4*a**2 - 10*a - 1. Let h(p) = -p**3 + 3*p**2 + 5*p + 1. Let r(d) = -5*h(d) - 2*x(d). Give r(-6).
-9
Suppose -4*n - 9*z + 6*z = -8, -n - 9 = -2*z. Let u(t) = 32*t - 2. Determine u(n).
-34
Let a be 1 - (-4)/(-6) - (-16)/6. Let o(z) = -1 + 2 - 4*z**2 + a - 33*z**3 + 32*z**3. Give o(-4).
4
Suppose -37 = -3*i + 3*m + m, 0 = 2*i - 5*m - 34. Let t = -5 + i. Let x(s) be the first derivative of -s**3/3 + 2*s + 404. Give x(t).
-2
Let z(t) = -t + 2. Suppose 4*w = -4*a - a + 30, 2*a + 2*w = 12. Give z(a).
-4
Let u(z) be the first derivative of 3 + 16*z + 1/3*z**3 + 0*z**2. Let b = -39 - -39. What is u(b)?
16
Let t be 2*(270/120 + 2/8). Let n(y) = -y**3 + 4*y**2 + 7*y - 1. Calculate n(t).
9
Let h(b) = b + 3. Let s(q) = -q**3 + 11*q**2 - 9*q + 22. Let x(r) = -5*h(r) + s(r). Determine x(10).
-33
Let c be ((-3)/(-2))/((-2)/12). Let s(t) be the first derivative of t**4/4 + 8*t**3/3 - 11*t**2/2 - 13*t + 6. What is s(c)?
5
Let o be (21/14)/(3/8). Suppose 5*s - 5*u = 15, 2*s - o*u = -7*u + 6. Let c(p) = p**2 - 2*p - 2. Calculate c(s).
1
Suppose 2*z - w = 32, -4*w = -5*z + w + 85. Suppose 0 = 5*v - 3*c - 9, z = -5*v + 4*v - 5*c. Let t(f) = f**2 + 12. Determine t(v).
12
Let a(w) be the first derivative of w**4/12 + w**3 - 3*w**2/2 - 4. Let v(b) be the second derivative of a(b). Calculate v(-6).
-6
Let l(m) be the first derivative of -16*m**3/3 - m**2 + m + 104. Determine l(1).
-17
Suppose -20*x + 11 = -9. Let z(s) = -10*s + 1. Give z(x).
-9
Let a be -4 - -4 - (3 + -143). Let t(k) = 11*k**2 + a - 6*k - 140. Let u(c) = 4*c**2 - 2*c. Let f(v) = -3*t(v) + 8*u(v). Give f(2).
0
Let d(g) = 2*g + 2. Suppose 0 = -11*a + 30 + 14. Determine d(a).
10
Let a be ((-7)/4)/((-12)/48). Let n(r) = -r + 4. Let o be n(a). Let q(t) = t**2 + 3*t + 4. What is q(o)?
4
Let s(w) = 2*w**3 - 2*w**2 - 25*w + 84. Let n(c) = c**3 - c**2 - 11*c + 41. Let x(p) = 9*n(p) - 4*s(p). Calculate x(0).
33
Let z = -21 + 26. Let m(w) = 2*w**3 - w**3 + z*w**2 - 26 + 20. What is m(-5)?
-6
Let l = -282 - -285. Let b(c) = 8*c - 15. Determine b(l).
9
Let d be (-2)/3*13/((-52)/384). Let m = 69 - d. Let c(o) be the second derivative of o**3/6 - 7*o**2/2 + 2*o. Determine c(m).
-2
Let t(v) = 2*v + 0 - 1 + 5 - 3*v. Let q be (42/(-84))/((-2)/16). Determine t(q).
0
Let m(l) be the first derivative of -1/3*l**3 - 2*l**2 + l + 10. Calculate m